{"id":34,"date":"2026-03-09T20:56:19","date_gmt":"2026-03-09T13:56:19","guid":{"rendered":"https:\/\/cloudyday.com.vn\/?page_id=34"},"modified":"2026-03-14T14:34:21","modified_gmt":"2026-03-14T07:34:21","slug":"lien-he","status":"publish","type":"page","link":"https:\/\/cloudyday.com.vn\/?page_id=34","title":{"rendered":"Li\u00ean H\u1ec7"},"content":{"rendered":"<div class=\"slider-wrapper relative\" id=\"slider-1340536214\" >\n    <div class=\"slider slider-nav-circle slider-nav-large slider-nav-light slider-style-normal\"\n        data-flickity-options='{\n            \"cellAlign\": \"center\",\n            \"imagesLoaded\": true,\n            \"lazyLoad\": 1,\n            \"freeScroll\": false,\n            \"wrapAround\": true,\n            \"autoPlay\": 6000,\n            \"pauseAutoPlayOnHover\" : true,\n            \"prevNextButtons\": true,\n            \"contain\" : true,\n            \"adaptiveHeight\" : true,\n            \"dragThreshold\" : 10,\n            \"percentPosition\": true,\n            \"pageDots\": true,\n            \"rightToLeft\": false,\n            \"draggable\": true,\n            \"selectedAttraction\": 0.1,\n            \"parallax\" : 0,\n            \"friction\": 0.6        }'\n        >\n        \n\n  <div class=\"banner has-hover\" id=\"banner-674205063\">\n          <div class=\"banner-inner fill\">\n        <div class=\"banner-bg fill\" >\n            <div class=\"bg fill bg-fill \"><\/div>\n                                    \n                    <\/div><!-- bg-layers -->\n        <div class=\"banner-layers container\">\n            <div class=\"fill banner-link\"><\/div>            \n   <div id=\"text-box-1051856662\" class=\"text-box banner-layer x50 md-x50 lg-x50 y50 md-y50 lg-y50 res-text\">\n                                <div class=\"text dark\">\n              \n              <div class=\"text-inner text-center\">\n                  \n              <\/div>\n           <\/div><!-- text-box-inner -->\n                            \n<style scope=\"scope\">\n\n#text-box-1051856662 {\n  width: 60%;\n}\n#text-box-1051856662 .text {\n  font-size: 100%;\n}\n<\/style>\n    <\/div><!-- text-box -->\n \n        <\/div><!-- .banner-layers -->\n      <\/div><!-- .banner-inner -->\n\n            \n<style scope=\"scope\">\n\n#banner-674205063 {\n  padding-top: 500px;\n}\n#banner-674205063 .bg.bg-loaded {\n  background-image: url(https:\/\/cloudyday.com.vn\/wp-content\/uploads\/2026\/03\/z7603911246892_d09a343f7ac531c65ae8f853b58101f9-1024x683.jpg);\n}\n<\/style>\n  <\/div><!-- .banner -->\n\n\n\n  <div class=\"banner has-hover\" id=\"banner-162353479\">\n          <div class=\"banner-inner fill\">\n        <div class=\"banner-bg fill\" >\n            <div class=\"bg fill bg-fill \"><\/div>\n                                    \n                    <\/div><!-- bg-layers -->\n        <div class=\"banner-layers container\">\n            <div class=\"fill banner-link\"><\/div>            \n   <div id=\"text-box-1724008994\" class=\"text-box banner-layer x50 md-x50 lg-x50 y50 md-y50 lg-y50 res-text\">\n                                <div class=\"text dark\">\n              \n              <div class=\"text-inner text-center\">\n                  \n              <\/div>\n           <\/div><!-- text-box-inner -->\n                            \n<style scope=\"scope\">\n\n#text-box-1724008994 {\n  width: 60%;\n}\n#text-box-1724008994 .text {\n  font-size: 100%;\n}\n<\/style>\n    <\/div><!-- text-box -->\n \n        <\/div><!-- .banner-layers -->\n      <\/div><!-- .banner-inner -->\n\n            \n<style scope=\"scope\">\n\n#banner-162353479 {\n  padding-top: 500px;\n}\n#banner-162353479 .bg.bg-loaded {\n  background-image: url(https:\/\/cloudyday.com.vn\/wp-content\/uploads\/2026\/03\/z7612680293865_c383a3d2a9bc20a7f86429dbce00f830.jpg);\n}\n<\/style>\n  <\/div><!-- .banner -->\n\n\n     <\/div>\n\n     <div class=\"loading-spin dark large centered\"><\/div>\n\n     <style scope=\"scope\">\n             <\/style>\n<\/div><!-- .ux-slider-wrapper -->\n\n\n<div class=\"row\"  id=\"row-199140105\">\n<div class=\"col medium-6 small-12 large-6\"  ><div class=\"col-inner\"  >\n<div style=\"color: black; font-family: 'Times New Roman', Times, serif; font-size: 20px; line-height: 1.6;\">\n<p style=\"text-align: center;\"><b>TH\u00d4NG TIN LI\u00caN H\u1ec6 \ud83d\udcf1<\/b><\/p>\n<p>Hotline: 0903067457<\/p>\n<p>Email: cloudyday@gmail.com<\/p>\n<p>\ud83d\udccd \u0110\u1ecba ch\u1ec9: Ph\u01b0\u1eddng T\u00e2n Th\u1edbi Thi\u1ec7p Qu\u1eadn 12, TP.HCM<\/p>\n<p>\u23f0 Gi\u1edd l\u00e0m vi\u1ec7c: 8h00 \u2013 22h00 (Th\u1ee9 2 \u2013 CN)<\/p>\n<\/div>\n<\/div><\/div>\n<div class=\"col medium-6 small-12 large-6\"  ><div class=\"col-inner\"  >\n\n<div class=\"wpcf7 no-js\" id=\"wpcf7-f65-o1\" lang=\"vi\" dir=\"ltr\" data-wpcf7-id=\"65\">\n<div class=\"screen-reader-response\"><p role=\"status\" aria-live=\"polite\" aria-atomic=\"true\"><\/p> <ul><\/ul><\/div>\n<form action=\"\/index.php?rest_route=%2Fwp%2Fv2%2Fpages%2F34#wpcf7-f65-o1\" method=\"post\" class=\"wpcf7-form init\" aria-label=\"Form li\u00ean h\u1ec7\" novalidate=\"novalidate\" data-status=\"init\">\n<fieldset class=\"hidden-fields-container\"><input type=\"hidden\" name=\"_wpcf7\" value=\"65\" \/><input type=\"hidden\" name=\"_wpcf7_version\" value=\"6.1.5\" \/><input type=\"hidden\" name=\"_wpcf7_locale\" value=\"vi\" \/><input type=\"hidden\" name=\"_wpcf7_unit_tag\" value=\"wpcf7-f65-o1\" \/><input type=\"hidden\" name=\"_wpcf7_container_post\" value=\"0\" \/><input type=\"hidden\" name=\"_wpcf7_posted_data_hash\" value=\"\" \/>\n<\/fieldset>\n<p><label> T\u00ean c\u1ee7a b\u1ea1n<br \/>\n<span class=\"wpcf7-form-control-wrap\" data-name=\"your-name\"><input size=\"40\" maxlength=\"400\" class=\"wpcf7-form-control wpcf7-text wpcf7-validates-as-required\" autocomplete=\"name\" aria-required=\"true\" aria-invalid=\"false\" value=\"\" type=\"text\" name=\"your-name\" \/><\/span> <\/label>\n<\/p>\n<p><label> Email c\u1ee7a b\u1ea1n<br \/>\n<span class=\"wpcf7-form-control-wrap\" data-name=\"your-email\"><input size=\"40\" maxlength=\"400\" class=\"wpcf7-form-control wpcf7-email wpcf7-validates-as-required wpcf7-text wpcf7-validates-as-email\" autocomplete=\"email\" aria-required=\"true\" aria-invalid=\"false\" value=\"\" type=\"email\" name=\"your-email\" \/><\/span> <\/label>\n<\/p>\n<p><label> Ti\u00eau \u0111\u1ec1:<br \/>\n<span class=\"wpcf7-form-control-wrap\" data-name=\"your-subject\"><input size=\"40\" maxlength=\"400\" class=\"wpcf7-form-control wpcf7-text wpcf7-validates-as-required\" aria-required=\"true\" aria-invalid=\"false\" value=\"\" type=\"text\" name=\"your-subject\" \/><\/span> <\/label>\n<\/p>\n<p><label> Tin nh\u1eafn c\u1ee7a b\u1ea1n (kh\u00f4ng b\u1eaft bu\u1ed9c)<br \/>\n<span class=\"wpcf7-form-control-wrap\" data-name=\"your-message\"><textarea cols=\"40\" rows=\"10\" maxlength=\"2000\" class=\"wpcf7-form-control wpcf7-textarea\" aria-invalid=\"false\" name=\"your-message\"><\/textarea><\/span> <\/label>\n<\/p>\n<p><input class=\"wpcf7-form-control wpcf7-submit has-spinner\" type=\"submit\" value=\"G\u1eedi\" \/>\n<\/p><div class=\"wpcf7-response-output\" aria-hidden=\"true\"><\/div>\n<\/form>\n<\/div>\n\n<\/div><\/div>\n<\/div>\n<div class=\"accordion\" rel=\"\">\n<div class=\"accordion-item\"><a href=\"#\" class=\"accordion-title plain\"><button class=\"toggle\"><i class=\"icon-angle-down\"><\/i><\/button><span>Ch\u00ednh s\u00e1ch ho\u00e0n ti\u1ec1n<\/span><\/a><div class=\"accordion-inner\">\n<p>Cloudy Day h\u1ed7 tr\u1ee3 ho\u00e0n ti\u1ec1n n\u1ebfu s\u1ea3n ph\u1ea9m giao kh\u00f4ng \u0111\u00fang m\u1eabu ho\u1eb7c b\u1ecb h\u01b0 h\u1ecfng trong qu\u00e1 tr\u00ecnh v\u1eadn chuy\u1ec3n. Kh\u00e1ch h\u00e0ng n\u00ean li\u00ean h\u1ec7 v\u1edbi shop trong th\u1eddi gian s\u1edbm nh\u1ea5t sau khi nh\u1eadn h\u00e0ng \u0111\u1ec3 \u0111\u01b0\u1ee3c h\u1ed7 tr\u1ee3 ki\u1ec3m tra v\u00e0 x\u1eed l\u00fd nhanh ch\u00f3ng.<\/p>\n<\/div><\/div>\n<div class=\"accordion-item\"><a href=\"#\" class=\"accordion-title plain\"><button class=\"toggle\"><i class=\"icon-angle-down\"><\/i><\/button><span>\u0110\u1eb7t h\u00e0ng theo y\u00eau c\u1ea7u<\/span><\/a><div class=\"accordion-inner\">\n<p>Kh\u00e1ch h\u00e0ng c\u00f3 th\u1ec3 \u0111\u1eb7t hoa k\u1ebdm nhung theo m\u1eabu m\u00e3, m\u00e0u s\u1eafc ho\u1eb7c ki\u1ec3u d\u00e1ng mong mu\u1ed1n. Cloudy Day nh\u1eadn thi\u1ebft k\u1ebf s\u1ea3n ph\u1ea9m theo y\u00eau c\u1ea7u \u0111\u1ec3 ph\u00f9 h\u1ee3p v\u1edbi t\u1eebng d\u1ecbp nh\u01b0 sinh nh\u1eadt, k\u1ef7 ni\u1ec7m, l\u1ec5 t\u1eb7ng qu\u00e0 ho\u1eb7c trang tr\u00ed.<\/p>\n<\/div><\/div>\n<div class=\"accordion-item\"><a href=\"#\" class=\"accordion-title plain\"><button class=\"toggle\"><i class=\"icon-angle-down\"><\/i><\/button><span>B\u1ea3o qu\u1ea3n s\u1ea3n ph\u1ea9m<\/span><\/a><div class=\"accordion-inner\">\n<p>Hoa k\u1ebdm nhung n\u00ean \u0111\u01b0\u1ee3c \u0111\u1eb7t \u1edf n\u01a1i kh\u00f4 r\u00e1o, tr\u00e1nh n\u01b0\u1edbc v\u00e0 \u00e1nh n\u1eafng tr\u1ef1c ti\u1ebfp \u0111\u1ec3 gi\u1eef \u0111\u01b0\u1ee3c m\u00e0u s\u1eafc v\u00e0 h\u00ecnh d\u00e1ng l\u00e2u d\u00e0i. Ngo\u00e0i ra, n\u00ean h\u1ea1n ch\u1ebf va ch\u1ea1m m\u1ea1nh ho\u1eb7c b\u00f3p hoa \u0111\u1ec3 s\u1ea3n ph\u1ea9m lu\u00f4n gi\u1eef \u0111\u01b0\u1ee3c v\u1ebb \u0111\u1eb9p ban \u0111\u1ea7u v\u00e0 s\u1eed d\u1ee5ng \u0111\u01b0\u1ee3c trong th\u1eddi gian d\u00e0i.<\/p>\n<\/div><\/div>\n<\/div>\n<p style=\"text-align: center; color: #5DADE2; font-family: 'Times New Roman', Times, serif; font-size: 20px;\">\n\ud83d\udc90 C\u1ea3m \u01a1n b\u1ea1n \u0111\u00e3 quan t\u00e2m \u0111\u1ebfn s\u1ea3n ph\u1ea9m hoa k\u1ebdm nhung c\u1ee7a Cloudy Day! Ch\u00fang t\u00f4i s\u1ebd ph\u1ea3n h\u1ed3i b\u1ea1n s\u1edbm nh\u1ea5t.<\/p>\n","protected":false},"excerpt":{"rendered":"<p>\ud83d\udc90 C\u1ea3m \u01a1n b\u1ea1n \u0111\u00e3 quan t\u00e2m \u0111\u1ebfn s\u1ea3n ph\u1ea9m hoa k\u1ebdm nhung c\u1ee7a Cloudy Day! Ch\u00fang t\u00f4i s\u1ebd ph\u1ea3n h\u1ed3i b\u1ea1n s\u1edbm nh\u1ea5t.<\/p>\n","protected":false},"author":1,"featured_media":0,"parent":0,"menu_order":0,"comment_status":"closed","ping_status":"closed","template":"","meta":{"footnotes":""},"class_list":["post-34","page","type-page","status-publish","hentry"],"jetpack_sharing_enabled":true,"_links":{"self":[{"href":"https:\/\/cloudyday.com.vn\/index.php?rest_route=\/wp\/v2\/pages\/34","targetHints":{"allow":["GET"]}}],"collection":[{"href":"https:\/\/cloudyday.com.vn\/index.php?rest_route=\/wp\/v2\/pages"}],"about":[{"href":"https:\/\/cloudyday.com.vn\/index.php?rest_route=\/wp\/v2\/types\/page"}],"author":[{"embeddable":true,"href":"https:\/\/cloudyday.com.vn\/index.php?rest_route=\/wp\/v2\/users\/1"}],"replies":[{"embeddable":true,"href":"https:\/\/cloudyday.com.vn\/index.php?rest_route=%2Fwp%2Fv2%2Fcomments&post=34"}],"version-history":[{"count":11,"href":"https:\/\/cloudyday.com.vn\/index.php?rest_route=\/wp\/v2\/pages\/34\/revisions"}],"predecessor-version":[{"id":290,"href":"https:\/\/cloudyday.com.vn\/index.php?rest_route=\/wp\/v2\/pages\/34\/revisions\/290"}],"wp:attachment":[{"href":"https:\/\/cloudyday.com.vn\/index.php?rest_route=%2Fwp%2Fv2%2Fmedia&parent=34"}],"curies":[{"name":"wp","href":"https:\/\/api.w.org\/{rel}","templated":true}]}}